ine p(9).
-8
Let f(g) = -4*g**2 + 10*g + 18. Determine f(0).
18
Let j(i) = -3*i**3 - 84*i**2 - 58*i - 49. What is j(-27)?
-670
Let s(o) = 53*o - 119. Give s(4).
93
Let j(t) = -t**3 - 27*t**2 - 96*t. Calculate j(-23).
92
Let h(a) = 35*a**2 - 735*a. What is h(21)?
0
Let c(d) = -710*d + 48257. What is c(68)?
-23
Let y(c) = c**2 + 40*c + 36. Give y(-19).
-363
Let c(u) = 346*u - 9330. Give c(27).
12
Let i(y) = y**3 + 32*y**2 - 34*y - 67. What is i(-33)?
-34
Let w(i) = 1205*i + 6017. What is w(-5)?
-8
Let q(l) = l**3 + 17*l**2 + 9*l - 37. Calculate q(-15).
278
Let b(z) = 31*z**3 - 8*z**2 + 4*z - 4. Give b(2).
220
Let u(q) = 47*q**2 + 6*q - 1. Calculate u(1).
52
Let t(a) = -101*a - 969. Give t(-9).
-60
Let n(d) = -524*d + 3717. Calculate n(7).
49
Let c(y) = -2*y**3 + 76*y**2 + 241*y + 204. Give c(41).
-1
Let f(k) = -414*k - 24031. Give f(-58).
-19
Let v(n) = 280*n - 8958. Calculate v(32).
2
Let g(m) = -m**3 - 36*m**2 + 5*m - 1. What is g(-36)?
-181
Let g(h) = -h**3 + 229*h**2 - h + 15. What is g(0)?
15
Let h(t) = 10*t**2 + 243*t - 156. What is h(-25)?
19
Let m(u) = -6*u - 182. What is m(-31)?
4
Let r(z) = -341*z - 4419. Give r(-13).
14
Let h(z) = -39*z - 45. What is h(5)?
-240
Let p(h) = -3*h**2 - 92*h - 317. Calculate p(-4).
3
Let k(t) = -2*t**3 + 19*t**2 - 68*t + 4. What is k(8)?
-348
Let q(k) = -k**3 + 27*k**2 + 28*k + 101. Determine q(28).
101
Let t(g) = 30*g + 472. Determine t(-23).
-218
Let d(c) = 69*c - 1957. What is d(29)?
44
Let y(z) = -11*z**2 + 1151*z + 413. Calculate y(105).
-7
Let y(u) = 2*u**3 - 12*u**2 + 11*u + 8. Calculate y(5).
13
Let d(x) = -82*x - 668. Calculate d(-8).
-12
Let d(m) = -20*m**2 + 5*m + 2. Give d(-3).
-193
Let g(y) = -2*y**3 - 39*y**2 + 182*y - 21. What is g(5)?
-336
Let n(g) = -g**3 + 6*g**2 + g + 27. Determine n(5).
57
Let d(v) = 2*v**2 + 80*v + 400. Give d(-7).
-62
Let k(w) = 368*w + 3307. Calculate k(-9).
-5
Let b(i) = 4*i**2 - 223*i - 519. Determine b(58).
3
Let k(i) = -121*i - 1566. Calculate k(-13).
7
Let w(h) = 335*h + 5088. Determine w(-15).
63
Let r(q) = -17*q**2 + 113*q - 70. Determine r(6).
-4
Let c(p) = p**3 + 9*p**2 - 13*p - 181. What is c(-8)?
-13
Let b(x) = -6*x**3 - 5*x**2 - 11*x + 11. Determine b(-5).
691
Let k(b) = 13*b**2 + 5*b - 3. What is k(-4)?
185
Let r(p) = -2*p**2 - 188*p - 3968. Give r(-33).
58
Let x(q) = -462*q + 2299. Give x(5).
-11
Let t(c) = -c**3 + 21*c - 27. Determine t(4).
-7
Let y(c) = -3*c**2 - 237*c - 2409. What is y(-67)?
3
Let z(p) = -77*p**2 - 15*p - 2. Calculate z(1).
-94
Let o(m) = 4*m**2 + 121*m + 826. Give o(-10).
16
Let w(q) = 195*q - 27109. Give w(139).
-4
Let x(r) = -r**3 + 194*r**2 + 416*r - 4701. Give x(196).
3
Let f(l) = -l**3 - 47*l**2 + 96*l - 111. Calculate f(-49).
-13
Let y(n) = n**2 - 3*n - 233. Determine y(-14).
5
Let d(w) = -w**3 - 35*w**2 + 157*w + 26. Give d(-39).
-13
Let v(b) = b**2 + 72*b + 1018. Determine v(-53).
11
Let p(x) = 542*x - 7585. Give p(14).
3
Let q(a) = a**3 - 65*a**2 - 139*a + 348. Give q(67).
13
Let k(t) = -19*t - 284. Calculate k(-17).
39
Let j(l) = 186*l**2 + 1867*l + 62. Calculate j(-10).
-8
Let y(i) = -2*i**3 + 6*i**2 + 41*i + 53. Give y(-2).
11
Let u(l) = -4*l - 143. Calculate u(-46).
41
Let v(n) = -14*n - 219. What is v(-21)?
75
Let i(w) = w**3 - 49*w**2 + 33*w - 4148. Determine i(50).
2
Let t(u) = -120*u + 7155. Determine t(60).
-45
Let a(h) = 5*h**2 - 274*h - 340. Determine a(56).
-4
Let j(q) = 4*q**3 - 49*q + 234. What is j(6)?
804
Let d(k) = 27*k**2 + 187*k + 186. Determine d(-1).
26
Let f(t) = 24*t - 32. What is f(4)?
64
Let g(l) = 184*l - 1101. Determine g(6).
3
Let x(v) = -2*v**2 + 8*v + 54. Give x(-7).
-100
Let q(d) = 13*d + 309. What is q(-23)?
10
Let s(q) = 106*q**2 - 49*q - 50. Calculate s(-1).
105
Let f(l) = 311*l + 1224. What is f(-4)?
-20
Let y(p) = -p**2 - 40*p - 5. Determine y(-40).
-5
Let w(u) = -125*u + 5757. Determine w(46).
7
Let o(c) = 12*c + 529. Determine o(-79).
-419
Let d(x) = x**3 - 8*x**2 + 149*x - 1426. Determine d(9).
-4
Let r(j) = 29*j**2 - 361*j + 733. What is r(2)?
127
Let g(z) = -57*z + 623. Give g(14).
-175
Let z(n) = n**2 - 354*n - 3981. Give z(-11).
34
Let a(g) = -40*g + 750. Give a(19).
-10
Let g(b) = -b**2 - 93*b + 1250. Calculate g(-105).
-10
Let n(a) = -a**3 + 11*a**2 - 7*a - 36. What is n(8)?
100
Let w(f) = -f**2 + 22*f + 4. Calculate w(-4).
-100
Let w(v) = -v**3 + 67*v**2 + 143*v - 385. Calculate w(69).
-40
Let h(d) = d**3 - 53*d**2 - 1190*d + 2. Determine h(70).
2
Let x(r) = 2680*r - 32153. Determine x(12).
7
Let s(l) = -l**3 + 54*l**2 + 194*l - 1315. Calculate s(57).
-4
Let h(c) = -40*c - 374. Give h(-9).
-14
Let d(n) = -n**2 - 66*n - 671. Calculate d(-13).
18
Let w(p) = -143*p - 2432. Calculate w(-20).
428
Let i(o) = -26*o + 1095. Calculate i(41).
29
Let p(s) = 2*s**3 + 23*s**2 + s - 13. Calculate p(0).
-13
Let z(v) = v**3 - 2*v**2 - 221*v + 37. Give z(-14).
-5
Let o(j) = 2*j**3 - 49*j**2 + 138*j - 60. Give o(21).
-249
Let x(b) = -b**3 + 38*b**2 - 127*b + 737. Give x(35).
-33
Let d(z) = -2*z**2 + 87*z + 881. Calculate d(50).
231
Let s(t) = -47*t**3 - 115*t**2 - 52*t - 5. Give s(-2).
15
Let t(q) = q**3 - 18*q**2 + 72*q - 26. Determine t(13).
65
Let u(m) = 8*m - 100. What is u(-9)?
-172
Let m(x) = x**2 + 21*x + 87. Give m(-16).
7
Let u(t) = t**3 + 10*t**2 - 62*t - 738. Calculate u(-12).
-282
Let i(s) = -6*s**3 + s**2 + 2*s + 2. What is i(-1)?
7
Let b(y) = 6*y**3 - 57*y**2 + 22*y - 17. What is b(9)?
-62
Let i(g) = -g**2 - 2*g + 134. Determine i(-9).
71
Let z(k) = -k**3 + 6*k**2 + 66*k - 41. Calculate z(10).
219
Let h(i) = -i**2 + 26*i - 131. Determine h(13).
38
Let f(z) = -110*z - 1639. Calculate f(-15).
11
Let l(w) = -2*w**2 + 21*w + 109. Determine l(17).
-112
Let b(h) = -h**2 - 14*h + 133. Calculate b(6).
13
Let r(b) = -b**2 - 28*b - 15. What is r(-19)?
156
Let t(a) = 484*a - 5824. Give t(12).
-16
Let f(m) = -17*m + 94. Calculate f(5).
9
Let s(h) = h**3 + 8*h**2 + 8*h - 1. Calculate s(-7).
-8
Let f(g) = 507*g**2 + 3026*g + 5. Calculate f(-6).
101
Let s(o) = o**3 + 89*o**2 + 1382*o + 40. Calculate s(-20).
0
Let v(m) = -2*m**2 + 80*m - 429. Calculate v(33).
33
Let o(l) = 2*l**3 - 10*l**2 - 13*l + 11. Calculate o(6).
5
Let x(c) = 5582*c + 5557. Give x(-1).
-25
Let z(l) = 4*l**2 + 32*l - 124. Give z(4).
68
Let c(u) = -193*u + 2303. What is c(12)?
-13
Let b(k) = -9*k**2 - 278*k - 36. What is b(-31)?
-67
Let i(y) = y**3 - 10*y**2 - 11*y + 109. Give i(10).
-1
Let w(q) = -q**3 - 37*q**2 - 42. Determine w(-37).
-42
Let y(l) = 75*l + 5250. Give y(-70).
0
Let w(b) = -7*b**3 - 6*b**2 + 23*b + 21. Calculate w(-1).
-1
Let r(p) = 397*p**3 - 11*p**2 - 21*p - 10. What is r(-1)?
-397
Let q(g) = 2*g**3 + 4*g**2 - g + 50. Calculate q(-4).
-10
Let a(p) = -p**2 + 366*p - 32545. What is a(214)?
-17
Let r(m) = -m**3 - 11*m**2 + 10*m - 206. Calculate r(-13).
2
Let x(o) = 530*o - 4251. What is x(8)?
-11
Let w(m) = 5095*m + 106989. What is w(-21)?
-6
Let k(o) = -6*o**3 + 37*o**2 - 7*o + 6. Determine k(6).
0
Let p(o) = -o**3 - 27*o**2 + 70*o - 17. Give p(-29).
-365
Let j(w) = -5*w**2 - 482*w - 7371. Give j(-19).
-18
Let i(c) = -4*c**3 - 59*c**2 + 10*c - 52. Calculate i(-15).
23
Let h(o) = -141*o + 253. Determine h(2).
-29
Let m(r) = 9*r**2 - 11*r + 6. What is m(7)?
370
Let m(j) = -147*j + 1472. What is m(10)?
2
Let n(q) = 265*q + 9005. Calculate n(-34).
-5
Let i(g) = 3*g**3 - 174*g**2 + 3*g - 163. Determine i(58).
11
Let o(d) = 292*d + 280. Give o(-1).
-12
Let z(w) = -w**2 - 3*w + 104. Give z(-10).
34
Let n(c) = -26*c + 107. What is n(-9)?
341
Let u(h) = 124*h - 771. What is u(6)?
-27
Let s(x) = 10*x**2 + 86*x + 306. Calculate s(-8).
258
Let a(x) = x**2 - 324*x + 13688. Determine a(274).
-12
Let g(n) = 3*n**3 - 18*n**2 - 28*n + 213. Calculate g(5).
-2
Let n(i) = i**3 - 16*i**2 + 42*i - 18. Calculate n(14).
178
Let f(u) = 458*u + 1340. What is f(-3)?
-34
Let u(b) = b**3 + 29*b**2 - 175*b - 212. Determine u(-34).
-42
Let x(l) = l**2 - 28*l - 57. Give x(22).
-189
Let r(j) = -6*j + 254. What is r(41)?
8
Let j(m) = -m**3 - 103*m**2 - 844*m + 7. Calculate j(-9).
-11
Let z(r) = r**3 + 2*r**2 - 13*r - 26. What is z(-4)?
-6
Let w(v) = -1311*v + 6561. Give w(5).
6
Let p(g) = 2*g - 27. Give p(13).
-1
Let q(j) = 7*j - 159. What is q(12)?
-75
Let b(c) = -c**2 - 20*c - 85. Give b(-12).
11
Let z(a) = -4*a**2 - 821*a + 12977. What i